me number?
True
Let f be ((-3)/(-15))/(2/50). Suppose -2*s + 1819 = 2*s - f*i, 2243 = 5*s + 4*i. Is s a composite number?
True
Let g = 5098 - -515. Is g prime?
False
Suppose 5*g - 50860 = 5*b, -g + 1165 = -3*b - 9003. Is g a prime number?
False
Suppose -4*u + 2*u - 6 = 0. Let c be 7/1 - (-12)/u. Let s = c - -3. Is s a composite number?
True
Let y(m) = 2 + 3*m + 36*m**3 + 4*m**2 - 37*m**3 - 10. Let p be y(4). Suppose -q - p*q = -k - 58, -4*q + 47 = -k. Is q composite?
False
Let q = 2344 - 1437. Let f = 190 + q. Is f a composite number?
False
Suppose -3*a = -4*a + 4314. Suppose 4*d = 2*x + a, -d = 6*x - 4*x - 1071. Is d prime?
False
Suppose -q = -2*b - 6149, -2*b + 6133 = -3*q + 4*q. Suppose 2*c + q = j, 3287 - 15571 = -2*j + 2*c. Is j composite?
False
Suppose -2*a = 2*w - 8, -5*a - 2*w = -10*a + 27. Suppose -19720 = -a*k + 5*v, -5*v = 2*k + 2*k - 15767. Is k composite?
False
Suppose -5*h = u - 859, 4391 = 5*u - 0*u + h. Is u a composite number?
True
Let i = 264 + 2335. Is i composite?
True
Let x = 134 - 133. Is -5147*(-5 - -5 - x) composite?
False
Let x be -4 + 2 - 200*-6. Let k = x - -273. Is k a prime number?
True
Let l = 30 - 28. Suppose r = f - 117, l = 5*r - 3. Is f a prime number?
False
Let a(b) = 1806*b - 197. Is a(10) composite?
False
Suppose 0 = -2*o - 7*o + 306. Let p be (-4)/o - (-36)/17. Is p - (-25)/10*122 prime?
True
Let l = 613 - -302. Let k = 10 - 4. Suppose -k*j + l = -j. Is j a composite number?
True
Is 5464576/156 - (-3)/(-9)*1 prime?
False
Let z = 323 - 192. Let o = 240 + z. Is o a prime number?
False
Suppose -5*u + 13 = 3*d, 5*u - 3 = 2*d - 20. Suppose d*b = -2*k + b + 111, -k - 4*b + 60 = 0. Let x = k + -14. Is x composite?
True
Let t = -5 - -8. Suppose -4*j - 1984 = -4*y, t*y + 3*j - 1989 = -519. Is y composite?
True
Suppose 0 = 5*l - r - 8715, -5*r - 848 - 919 = -l. Suppose -4*c + 5*q + l + 15 = 0, 5*c - 2*q - 2209 = 0. Is c composite?
False
Let i(p) = 53*p**3 + 4*p**2 + p + 2. Let y(q) = -q. Let s(a) = -i(a) + 2*y(a). Let n be s(-2). Suppose 3*w - n + 73 = 0. Is w prime?
True
Suppose 3*j = -0*j + 24. Suppose -j = -5*v + 7, 5*p - 3*v - 906 = 0. Is p composite?
True
Let t = -1576 - -604. Let o = -653 - t. Is o composite?
True
Let o = -1702 + 2583. Suppose -2673 = -3*z - 3*c, -z = -5*c + c - o. Is z a prime number?
False
Suppose -6*p + 10659 = 27*p. Is p a prime number?
False
Let a(v) = v**2 + 3*v - 5. Let w be a(2). Suppose -2*k + 467 = k + c, w*k = -3*c + 773. Is k prime?
True
Let v(p) = -p**3 + 33*p**2 - 19*p - 39. Is v(28) prime?
False
Let h = -9 + 9. Suppose 2*d + 5*a - 4*a - 633 = h, 5*d + a = 1590. Is d a prime number?
False
Let t(h) = -70*h**2 - 8*h - 12. Let o be t(-2). Let b = -189 - o. Is b composite?
True
Let k(d) = 260*d**2 - 7*d + 26. Is k(5) composite?
False
Let k(v) be the second derivative of -7*v**4/4 + 5*v**3/6 + 3*v**2/2 - 4*v. Let z(h) be the first derivative of k(h). Is z(-7) prime?
False
Let l(i) = 3*i + 9. Let q be l(-3). Suppose q*m = -2*m + 134. Is m composite?
False
Let q(u) = u + 77. Suppose -2*p = 7 - 9. Let n = p + -1. Is q(n) prime?
False
Suppose 3*t = 7*t + p - 35538, 5*p = -5*t + 44415. Is t a composite number?
True
Let r(o) = -31*o**3 + 90*o**2 + 46*o + 60. Let x(c) = 6*c**3 - 18*c**2 - 9*c - 12. Let p(k) = 2*r(k) + 11*x(k). Is p(9) a prime number?
False
Suppose 50031 = -39*w + 66*w. Is w a composite number?
True
Let m(f) = 4152*f**2 - 27*f + 111. Is m(6) a prime number?
False
Is (2 - -327)*26/26 a prime number?
False
Let p(f) = 33*f**3 + 10*f**2 - 22*f + 13. Is p(6) composite?
False
Suppose -3*p = g - 0*g - 187, 5*g = -5*p + 975. Suppose 0 = -h + 2*o + 225, 2*h + o - g - 241 = 0. Is h a prime number?
False
Suppose 60*i = -17489 + 345869. Is i composite?
True
Suppose n - 3*b - 235 = 2*b, n + 3*b - 227 = 0. Suppose 2*z - 2*l + 5*l = -92, -5*z - n = -l. Let s = z - -83. Is s prime?
True
Suppose -1811312 - 109151 = -61*s. Is s a composite number?
True
Suppose 219405 = 6*v - 113229. Is v a prime number?
True
Let f be ((-12)/(-2))/(3 - 2). Suppose -f*p + 1974 = -0*p. Is p prime?
False
Let o(d) be the first derivative of -445*d**4/4 - d**3/3 - d**2 + 12. Is o(-1) prime?
False
Let t(v) = -v**3 + v**2 - v + 623. Let l = 49 + -49. Is t(l) a composite number?
True
Let s(d) = 6189*d**3 + 4*d**2 - 3*d + 1. Is s(1) prime?
False
Suppose -4*p = -p + 1485. Let y = -4 + -728. Let w = p - y. Is w a prime number?
False
Let q(h) = h**3 - 4*h**2 + 4*h - 3. Let i be q(3). Suppose -7*j + 6238 - 1065 = i. Is j a prime number?
True
Let z = -51 - -56. Is (7 + z + -11)*(-1 + 1590) prime?
False
Let m be (2*1)/(27/162). Is 682/6 + m/9 prime?
False
Suppose 8*r + 6 = 10*r. Suppose 4*y - 3*i - 5605 = 0, 6*i = r*i - 9. Is y prime?
True
Let n = 1 - -1. Suppose -4*s + 0*s = -n*b, -s - 14 = 3*b. Is 2*((-370)/b - -3) composite?
False
Is (1 - 163077/6)/(30/(-20)) a composite number?
False
Let y = -53 - -246. Suppose y = -4*t + 37. Is t*2/((-18)/21) prime?
False
Let o = -2 - 5. Is -4 - (o - 4/4) a prime number?
False
Suppose -2*h - 3*d = -3734, -h - 4*d + 1867 = -0*h. Suppose -h - 494 = -3*u. Is u a composite number?
False
Let j(d) = -20*d**3 + 2*d**2 - 4*d - 1. Let p be j(-3). Let w = 812 - p. Let y = w - 132. Is y a composite number?
True
Suppose -2738 = -4*l + 5*r, -4*r - 1368 = -2*l - 2*r. Suppose -k - 1383 = 2*k. Let y = k + l. Is y prime?
False
Let v = -738 + 7025. Is v composite?
False
Suppose -2*t - 26 = -26. Suppose 8*a - 11*a + 2001 = t. Is a a prime number?
False
Suppose 2*q + 3*q = 10. Suppose 0 = 5*d + 2*g + 2845, q*d - 3*d - 551 = 4*g. Let c = -273 - d. Is c prime?
False
Let l(h) = h**3 + 6*h**2 + 9*h - 2. Let n be l(-5). Let y = -7 + n. Let r = y + 38. Is r composite?
True
Suppose 0*c = 2*c - 6. Suppose 1 = -y - 4*g, 4*y - 19 = 4*g - c. Suppose -5*f - 185 = -y*n, -f = -4*f - 12. Is n prime?
False
Suppose -11999 = -2*q + 5565. Is q a prime number?
False
Suppose -5*o = x - 426490, -o - 5*x + 32520 + 52802 = 0. Is o a composite number?
False
Let w be (-2 + 0)*-5*1. Let l = w + -6. Suppose 2*i - l*i - m = -577, -4*i - m = -1151. Is i a prime number?
False
Let j(n) = -11 - 16*n + n + 2*n**3 - n**2 - n**3 - 3*n. Is j(8) a prime number?
True
Let y(o) = -249*o + 3. Let i be y(-2). Let j = i - 286. Is j a prime number?
False
Suppose -3*w + 21 = -3*g, 8 = 4*w + g - 10. Let j(f) = 590*f + 16. Is j(w) a composite number?
True
Let t = -12 + 7. Let n(g) = -5 + 20*g**2 - 6 - 328*g + 162*g + 161*g. Is n(t) composite?
True
Is 6381*((-260)/(-36) + -7) a prime number?
False
Let l(k) = k - 5. Let d = 15 - 5. Let z be l(d). Suppose -969 - 686 = -z*j. Is j a prime number?
True
Let i(x) = x**3 + 10*x**2 - 9*x + 16. Let n be i(-11). Let o = n + 10. Suppose -u + o*u - 222 = 0. Is u prime?
False
Let d(x) = -5*x**3 - 7*x**2 - 7*x + 6. Is d(-5) a prime number?
True
Suppose 4*d + 3*u = 20822, d - 5201 = -3*u - 0*u. Is d a composite number?
True
Suppose 291*n + 106181 = 3*o + 289*n, 3*o - 5*n = 106175. Is o prime?
False
Let t = 3211 + -980. Is t prime?
False
Let s be 6 + 2508 + 2*2. Suppose 7*f = 5*f + s. Is f a composite number?
False
Suppose 356 - 7056 = -5*i. Suppose 3*w = -w + i. Is w prime?
False
Let w = -8 - -10. Suppose -c = -w*b + 8, -4*c - b = 3*b - 4. Let p(n) = -44*n - 3. Is p(c) a prime number?
False
Let z be 3*(-2 - -3) + 11445. Let m = z - 5397. Suppose -3*n - 1197 = 4*p - 4834, -m = -5*n + 4*p. Is n composite?
True
Suppose 4 = 4*d - 2*d. Suppose -1098 = -2*i + g + 4830, i = d*g + 2970. Is i a prime number?
False
Let x = 499 + 104. Let a = 4888 - x. Is a composite?
True
Let u = 1813 - 992. Is u prime?
True
Let y(j) be the third derivative of 0 + 1/6*j**4 + 1/20*j**5 - 5/3*j**3 + 7*j**2 + 0*j. Is y(5) a prime number?
False
Suppose -w = d - 13, 0*w - 3*d = -2*w + 26. Suppose w*g - 15 = 8*g. Suppose 5*s + y = 1050, 0*y + 628 = g*s + y. Is s a composite number?
False
Let z = 7 + -5. Suppose 5*s - 196 = -2*p + 727, z*s + p = 369. Is s prime?
False
Is (-40022)/(-6) - 4 - (-12)/18 prime?
False
Let q be (3*1/(-2))/((-3)/22340). Suppose 5*g + 405 = q. Is g a prime number?
True
Suppose -5*a = -3*a - 3*l - 1840, 0 = -4*a - 3*l + 3698. Suppose 569 = 4*y - a. Is y a composite number?
False
Is 8567915/170 - 2*(-3)/4 composite?
True
Let q(d) = 592*d**2 + 3*d - 18. Is q(-5) prime?
True
Let n = -958 - -1356. Let m = n - -723. Suppose 414 = 